actors of 2897608?
2, 7, 59, 877
What are the prime factors of 6423282?
2, 3, 53, 6733
What are the prime factors of 4129403?
19, 217337
List the prime factors of 138978.
2, 3, 7, 1103
What are the prime factors of 7556701?
7556701
List the prime factors of 27625.
5, 13, 17
What are the prime factors of 2206475?
5, 88259
List the prime factors of 4099471.
31, 132241
List the prime factors of 171197.
13, 1013
What are the prime factors of 1401480?
2, 3, 5, 17, 229
List the prime factors of 1351247.
1351247
What are the prime factors of 257787?
3, 28643
List the prime factors of 14741455.
5, 101, 29191
What are the prime factors of 757272?
2, 3, 139, 227
List the prime factors of 1576202.
2, 19, 41479
List the prime factors of 340185.
3, 5, 22679
What are the prime factors of 14406453?
3, 311, 5147
What are the prime factors of 237349?
7, 41, 827
List the prime factors of 211880.
2, 5, 5297
What are the prime factors of 674447?
73, 9239
List the prime factors of 149653.
7, 21379
List the prime factors of 103870.
2, 5, 13, 17, 47
List the prime factors of 2879664.
2, 3, 17, 3529
What are the prime factors of 4202723?
7, 17, 35317
List the prime factors of 12143498.
2, 59, 102911
List the prime factors of 431287.
431287
List the prime factors of 807604.
2, 7, 28843
What are the prime factors of 33146925?
3, 5, 7, 19, 3323
List the prime factors of 294182.
2, 7, 21013
What are the prime factors of 158129?
158129
List the prime factors of 212796.
2, 3, 23, 257
List the prime factors of 3420546.
2, 3, 570091
What are the prime factors of 368050?
2, 5, 17, 433
List the prime factors of 1844387.
19, 97073
List the prime factors of 63248.
2, 59, 67
List the prime factors of 26510.
2, 5, 11, 241
List the prime factors of 366619.
11, 33329
What are the prime factors of 1576625?
5, 12613
What are the prime factors of 902852?
2, 131, 1723
List the prime factors of 40618403.
7, 79, 1499
List the prime factors of 461696.
2, 3607
What are the prime factors of 5867625?
3, 5, 15647
What are the prime factors of 2800199?
31, 59, 1531
List the prime factors of 631073.
67, 9419
List the prime factors of 3644794.
2, 31, 58787
What are the prime factors of 892083?
3, 103, 2887
List the prime factors of 23564982.
2, 3, 7, 80153
List the prime factors of 11567.
43, 269
What are the prime factors of 1814907?
3, 23, 29, 907
What are the prime factors of 2786059?
23, 29, 4177
What are the prime factors of 29230949?
11, 19, 139861
What are the prime factors of 19561057?
2339, 8363
List the prime factors of 1657012.
2, 7, 23, 31, 83
What are the prime factors of 58086?
2, 3, 7, 461
What are the prime factors of 218966?
2, 11, 37, 269
What are the prime factors of 73322?
2, 61, 601
List the prime factors of 7912483.
23, 344021
What are the prime factors of 135661?
135661
List the prime factors of 789483.
3, 97, 2713
What are the prime factors of 238992?
2, 3, 13, 383
What are the prime factors of 7463216?
2, 466451
What are the prime factors of 385671?
3, 11, 13, 29, 31
List the prime factors of 18329936.
2, 1145621
List the prime factors of 161807.
161807
List the prime factors of 3799886.
2, 19, 277
What are the prime factors of 5712579?
3, 23, 9199
What are the prime factors of 1953289?
13, 97, 1549
List the prime factors of 138819.
3, 46273
List the prime factors of 940178.
2, 470089
What are the prime factors of 206952?
2, 3, 8623
List the prime factors of 330838.
2, 83, 1993
List the prime factors of 11652318.
2, 3, 109, 5939
What are the prime factors of 26756742?
2, 3, 17, 262321
List the prime factors of 7833804.
2, 3, 11, 17, 3491
List the prime factors of 12779528.
2, 1597441
What are the prime factors of 11033806?
2, 7, 788129
List the prime factors of 2529261.
3, 7, 19, 2113
What are the prime factors of 331179?
3, 101, 1093
List the prime factors of 1238975.
5, 49559
What are the prime factors of 23995?
5, 4799
What are the prime factors of 1059827?
83, 113
List the prime factors of 7739703.
3, 809, 1063
What are the prime factors of 56218?
2, 28109
What are the prime factors of 4167860?
2, 5, 208393
What are the prime factors of 617608?
2, 77201
List the prime factors of 3626724.
2, 3, 302227
What are the prime factors of 5636753?
367, 15359
What are the prime factors of 19635144?
2, 3, 83, 9857
List the prime factors of 265775.
5, 10631
What are the prime factors of 4209010?
2, 5, 13, 32377
List the prime factors of 3287407.
647, 5081
What are the prime factors of 243640?
2, 5, 6091
What are the prime factors of 10833934?
2, 59, 91813
List the prime factors of 11750636.
2, 109, 26951
What are the prime factors of 1593577?
557, 2861
List the prime factors of 866016.
2, 3, 31, 97
What are the prime factors of 69914?
2, 13, 2689
What are the prime factors of 17943708?
2, 3, 853, 1753
List the prime factors of 707243.
83, 8521
List the prime factors of 3706473.
3, 23, 53717
List the prime factors of 7161096.
2, 3, 23, 12973
What are the prime factors of 4913343?
3, 19, 59, 487
List the prime factors of 1180598.
2, 719, 821
List the prime factors of 8730918.
2, 3, 7, 19, 521
List the prime factors of 2764420.
2, 5, 67, 2063
List the prime factors of 315892.
2, 151, 523
List the prime factors of 126904.
2, 29, 547
List the prime factors of 3110.
2, 5, 311
List the prime factors of 2011.
2011
What are the prime factors of 2227086?
2, 3, 123727
What are the prime factors of 7687285?
5, 1537457
What are the prime factors of 31052223?
3, 53, 65099
What are the prime factors of 106619?
106619
List the prime factors of 1409254.
2, 7, 11, 9151
What are the prime factors of 13690755?
3, 5, 13, 29, 269
What are the prime factors of 5070113?
5070113
What are the prime factors of 5933447?
13, 101, 4519
List the prime factors of 186572.
2, 46643
List the prime factors of 1948986.
2, 3, 13, 8329
List the prime factors of 3282400.
2, 5, 11, 373
List the prime factors of 76338.
2, 3, 4241
List the prime factors of 1254069.
3, 46447
What are the prime factors of 5001612?
2, 3, 7, 11, 5413
What are the prime factors of 137577?
3, 11, 379
What are the prime factors of 66070?
2, 5, 6607
List the prime factors of 738646.
2, 139, 2657
What are the prime factors of 967930?
2, 5, 43, 2251
List the prime factors of 1590053.
19, 53, 1579
What are the prime factors of 9217478?
2, 31, 148669
List the prime factors of 2037118.
2, 1018559
What are the prime factors of 326649?
3, 108883
List the prime factors of 1246187.
1246187
What are the prime factors of 2428635?
3, 5, 11, 41, 359
List the prime factors of 11545466.
2, 83, 157, 443
List the prime factors of 9404425.
5, 113, 3329
List the prime factors of 1211926.
2, 151, 4013
List the prime factors of 1540821.
3, 41, 12527
What are the prime factors of 21299693?
53, 479, 839
List the prime factors of 39984.
2, 3, 7, 17
List the prime factors of 590182.
2, 491, 601
What are the prime factors of 391871?
31, 12641
List the prime factors of 284837.
7, 5813
List the prime factors of 16914314.
2, 53, 159569
What are the prime factors of 3540505?
5, 17, 23, 1811
List the prime factors of 14958089.
31, 482519
What are the prime factors of 281763?
3, 31307
What are the prime factors of 12561?
3, 53, 79
What are the prime factors of 1691387?
1691387
List the prime factors of 30640770.
2, 3, 5, 340453
What are the prime factors of 55153?
7, 7879
List the prime factors of 2015816.
2, 11, 22907
What are the prime factors of 4423629?
3, 7, 313, 673
What are the prime factors of 2227064?
2, 7, 39769
List the prime factors of 3049035.
3, 5, 11, 17, 1087
What are the prime factors of 2462920?
2, 5, 67, 919
List the prime factors of 2915148.
2, 3, 277, 877
What are the prime factors of 1233237?
3, 23, 61, 293
What are the prime factors of 3342747?
3, 1114249
What are the prime factors of 1088514?
2, 3, 7, 53, 163
What are the prime factors of 3614175?
3, 5, 16063
What are the prime factors of 10078988?
2, 2519747
What are the prime factors of 138795?
3, 5, 19, 487
What are the prime factors of 12695819?
19, 668201
List the prime factors of 13976066.
2, 13, 67, 71, 113
List the prime factors of 332791.
332791
What are the prime factors of 11172756?
2, 3, 7, 23, 5783
What are the prime factors of 12214163?
13, 939551
List the prime factors of 40847.
40847